{"id":211,"date":"2021-03-04T14:25:55","date_gmt":"2021-03-04T14:25:55","guid":{"rendered":"https:\/\/vrysac.es\/webwp\/carrito\/"},"modified":"2021-03-04T14:25:55","modified_gmt":"2021-03-04T14:25:55","slug":"carrito","status":"publish","type":"page","link":"https:\/\/vrysac.es\/webwp\/carrito\/","title":{"rendered":"Carrito"},"content":{"rendered":"\n","protected":false},"excerpt":{"rendered":"","protected":false},"author":1,"featured_media":0,"parent":0,"menu_order":0,"comment_status":"closed","ping_status":"closed","template":"","meta":{"footnotes":""},"class_list":["post-211","page","type-page","status-publish","hentry"],"yoast_head":"<!-- This site is optimized with the Yoast SEO plugin v27.3 - https:\/\/yoast.com\/product\/yoast-seo-wordpress\/ -->\n<title>Carrito - Vrysac<\/title>\n<meta name=\"robots\" content=\"index, follow, max-snippet:-1, max-image-preview:large, max-video-preview:-1\" \/>\n<link rel=\"canonical\" href=\"https:\/\/vrysac.es\/webwp\/carrito\/\" \/>\n<meta property=\"og:locale\" content=\"es_ES\" \/>\n<meta property=\"og:type\" content=\"article\" \/>\n<meta property=\"og:title\" content=\"Carrito - Vrysac\" \/>\n<meta property=\"og:url\" content=\"https:\/\/vrysac.es\/webwp\/carrito\/\" \/>\n<meta property=\"og:site_name\" content=\"Vrysac\" \/>\n<meta name=\"twitter:card\" content=\"summary_large_image\" \/>\n<script type=\"application\/ld+json\" class=\"yoast-schema-graph\">{\"@context\":\"https:\\\/\\\/schema.org\",\"@graph\":[{\"@type\":\"WebPage\",\"@id\":\"https:\\\/\\\/vrysac.es\\\/webwp\\\/carrito\\\/\",\"url\":\"https:\\\/\\\/vrysac.es\\\/webwp\\\/carrito\\\/\",\"name\":\"Carrito - Vrysac\",\"isPartOf\":{\"@id\":\"https:\\\/\\\/vrysac.es\\\/webwp\\\/#website\"},\"datePublished\":\"2021-03-04T14:25:55+00:00\",\"breadcrumb\":{\"@id\":\"https:\\\/\\\/vrysac.es\\\/webwp\\\/carrito\\\/#breadcrumb\"},\"inLanguage\":\"es\",\"potentialAction\":[{\"@type\":\"ReadAction\",\"target\":[\"https:\\\/\\\/vrysac.es\\\/webwp\\\/carrito\\\/\"]}]},{\"@type\":\"BreadcrumbList\",\"@id\":\"https:\\\/\\\/vrysac.es\\\/webwp\\\/carrito\\\/#breadcrumb\",\"itemListElement\":[{\"@type\":\"ListItem\",\"position\":1,\"name\":\"Portada\",\"item\":\"https:\\\/\\\/vrysac.es\\\/webwp\\\/\"},{\"@type\":\"ListItem\",\"position\":2,\"name\":\"Carrito\"}]},{\"@type\":\"WebSite\",\"@id\":\"https:\\\/\\\/vrysac.es\\\/webwp\\\/#website\",\"url\":\"https:\\\/\\\/vrysac.es\\\/webwp\\\/\",\"name\":\"Vrysac\",\"description\":\"Distribuidor de envase flexible\",\"publisher\":{\"@id\":\"https:\\\/\\\/vrysac.es\\\/webwp\\\/#organization\"},\"potentialAction\":[{\"@type\":\"SearchAction\",\"target\":{\"@type\":\"EntryPoint\",\"urlTemplate\":\"https:\\\/\\\/vrysac.es\\\/webwp\\\/?s={search_term_string}\"},\"query-input\":{\"@type\":\"PropertyValueSpecification\",\"valueRequired\":true,\"valueName\":\"search_term_string\"}}],\"inLanguage\":\"es\"},{\"@type\":\"Organization\",\"@id\":\"https:\\\/\\\/vrysac.es\\\/webwp\\\/#organization\",\"name\":\"Vicente Rodr\u00edguez Yelo\",\"url\":\"https:\\\/\\\/vrysac.es\\\/webwp\\\/\",\"logo\":{\"@type\":\"ImageObject\",\"inLanguage\":\"es\",\"@id\":\"https:\\\/\\\/vrysac.es\\\/webwp\\\/#\\\/schema\\\/logo\\\/image\\\/\",\"url\":\"https:\\\/\\\/i0.wp.com\\\/vrysac.es\\\/webwp\\\/wp-content\\\/uploads\\\/2021\\\/02\\\/VRYSAC-nuevo-solo-e1613652516102.png?fit=670%2C200&ssl=1\",\"contentUrl\":\"https:\\\/\\\/i0.wp.com\\\/vrysac.es\\\/webwp\\\/wp-content\\\/uploads\\\/2021\\\/02\\\/VRYSAC-nuevo-solo-e1613652516102.png?fit=670%2C200&ssl=1\",\"width\":670,\"height\":200,\"caption\":\"Vicente Rodr\u00edguez Yelo\"},\"image\":{\"@id\":\"https:\\\/\\\/vrysac.es\\\/webwp\\\/#\\\/schema\\\/logo\\\/image\\\/\"},\"sameAs\":[\"https:\\\/\\\/www.instagram.com\\\/vrysac_mur\\\/\"]}]}<\/script>\n<!-- \/ Yoast SEO plugin. -->","yoast_head_json":{"title":"Carrito - Vrysac","robots":{"index":"index","follow":"follow","max-snippet":"max-snippet:-1","max-image-preview":"max-image-preview:large","max-video-preview":"max-video-preview:-1"},"canonical":"https:\/\/vrysac.es\/webwp\/carrito\/","og_locale":"es_ES","og_type":"article","og_title":"Carrito - Vrysac","og_url":"https:\/\/vrysac.es\/webwp\/carrito\/","og_site_name":"Vrysac","twitter_card":"summary_large_image","schema":{"@context":"https:\/\/schema.org","@graph":[{"@type":"WebPage","@id":"https:\/\/vrysac.es\/webwp\/carrito\/","url":"https:\/\/vrysac.es\/webwp\/carrito\/","name":"Carrito - Vrysac","isPartOf":{"@id":"https:\/\/vrysac.es\/webwp\/#website"},"datePublished":"2021-03-04T14:25:55+00:00","breadcrumb":{"@id":"https:\/\/vrysac.es\/webwp\/carrito\/#breadcrumb"},"inLanguage":"es","potentialAction":[{"@type":"ReadAction","target":["https:\/\/vrysac.es\/webwp\/carrito\/"]}]},{"@type":"BreadcrumbList","@id":"https:\/\/vrysac.es\/webwp\/carrito\/#breadcrumb","itemListElement":[{"@type":"ListItem","position":1,"name":"Portada","item":"https:\/\/vrysac.es\/webwp\/"},{"@type":"ListItem","position":2,"name":"Carrito"}]},{"@type":"WebSite","@id":"https:\/\/vrysac.es\/webwp\/#website","url":"https:\/\/vrysac.es\/webwp\/","name":"Vrysac","description":"Distribuidor de envase flexible","publisher":{"@id":"https:\/\/vrysac.es\/webwp\/#organization"},"potentialAction":[{"@type":"SearchAction","target":{"@type":"EntryPoint","urlTemplate":"https:\/\/vrysac.es\/webwp\/?s={search_term_string}"},"query-input":{"@type":"PropertyValueSpecification","valueRequired":true,"valueName":"search_term_string"}}],"inLanguage":"es"},{"@type":"Organization","@id":"https:\/\/vrysac.es\/webwp\/#organization","name":"Vicente Rodr\u00edguez Yelo","url":"https:\/\/vrysac.es\/webwp\/","logo":{"@type":"ImageObject","inLanguage":"es","@id":"https:\/\/vrysac.es\/webwp\/#\/schema\/logo\/image\/","url":"https:\/\/i0.wp.com\/vrysac.es\/webwp\/wp-content\/uploads\/2021\/02\/VRYSAC-nuevo-solo-e1613652516102.png?fit=670%2C200&ssl=1","contentUrl":"https:\/\/i0.wp.com\/vrysac.es\/webwp\/wp-content\/uploads\/2021\/02\/VRYSAC-nuevo-solo-e1613652516102.png?fit=670%2C200&ssl=1","width":670,"height":200,"caption":"Vicente Rodr\u00edguez Yelo"},"image":{"@id":"https:\/\/vrysac.es\/webwp\/#\/schema\/logo\/image\/"},"sameAs":["https:\/\/www.instagram.com\/vrysac_mur\/"]}]}},"jetpack-related-posts":[{"id":1561,"url":"https:\/\/vrysac.es\/webwp\/politica-de-cookies\/","url_meta":{"origin":211,"position":0},"title":"Pol\u00edtica de cookies","author":"comercial","date":"24\/10\/2025","format":false,"excerpt":"1. \u00bfQu\u00e9 son las cookies? Las cookies son peque\u00f1os archivos que se descargan en tu dispositivo al acceder a determinadas p\u00e1ginas web. Sirven para almacenar y recuperar informaci\u00f3n sobre la navegaci\u00f3n, con el fin de mejorar la experiencia del usuario, realizar estad\u00edsticas o permitir funciones t\u00e9cnicas necesarias para el funcionamiento\u2026","rel":"","context":"Entrada similar","block_context":{"text":"Entrada similar","link":""},"img":{"alt_text":"","src":"","width":0,"height":0},"classes":[]}],"jetpack_sharing_enabled":true,"jetpack_shortlink":"https:\/\/wp.me\/Pdfblz-3p","_links":{"self":[{"href":"https:\/\/vrysac.es\/webwp\/wp-json\/wp\/v2\/pages\/211","targetHints":{"allow":["GET"]}}],"collection":[{"href":"https:\/\/vrysac.es\/webwp\/wp-json\/wp\/v2\/pages"}],"about":[{"href":"https:\/\/vrysac.es\/webwp\/wp-json\/wp\/v2\/types\/page"}],"author":[{"embeddable":true,"href":"https:\/\/vrysac.es\/webwp\/wp-json\/wp\/v2\/users\/1"}],"replies":[{"embeddable":true,"href":"https:\/\/vrysac.es\/webwp\/wp-json\/wp\/v2\/comments?post=211"}],"version-history":[{"count":0,"href":"https:\/\/vrysac.es\/webwp\/wp-json\/wp\/v2\/pages\/211\/revisions"}],"wp:attachment":[{"href":"https:\/\/vrysac.es\/webwp\/wp-json\/wp\/v2\/media?parent=211"}],"curies":[{"name":"wp","href":"https:\/\/api.w.org\/{rel}","templated":true}]}}